{"id":169,"date":"2025-09-09T14:54:07","date_gmt":"2025-09-09T12:54:07","guid":{"rendered":"https:\/\/cecile-naudet-dieteticienne.fr\/?page_id=169"},"modified":"2025-09-26T15:40:28","modified_gmt":"2025-09-26T13:40:28","slug":"alimentation-apres-70-ans","status":"publish","type":"page","link":"https:\/\/cecile-naudet-dieteticienne.fr\/index.php\/alimentation-apres-70-ans\/","title":{"rendered":"Alimentation apr\u00e8s 70 ans"},"content":{"rendered":"\n<h2 class=\"wp-block-heading\">Alimentation apr\u00e8s 70 ans<\/h2>\n\n\n\n<p>Apr\u00e8s 70 ans le m\u00e9tabolisme du corps change : les besoins de certains nutriments sont modifi\u00e9s car ils sont moins bien absorb\u00e9s par le corps, la masse maigre diminue (muscles), le sommeil peut \u00eatre de moins bonne qualit\u00e9 et certaines difficult\u00e9s m\u00e9caniques (mastication, probl\u00e8me de dents, douleurs) peuvent affecter la prise alimentaire.<\/p>\n\n\n\n<p>Pour les femmes, la modification hormonale li\u00e9e \u00e0 la m\u00e9nopause (notamment la disparition des \u0153strog\u00e8nes) entraine des modifications physiologiques importantes notamment osseuses avec une d\u00e9min\u00e9ralisation des os et un risque accru d&rsquo;ost\u00e9oporose (et \u00e0 terme de fracture), ainsi qu&rsquo;une distribution des graisses diff\u00e9rentes avec un emplacement plut\u00f4t abdominale et une prise de poids possible.<\/p>\n\n\n\n<p>Avec l&rsquo;\u00e2ge, la probabilit\u00e9 de d\u00e9velopper une pathologie augmente (diab\u00e8te de type 2, hypercholest\u00e9rol\u00e9mie, maladie cardio-vasculaire, cancer, etc.) , et les effets vont impacter le corps et l&rsquo;alimentation.<\/p>\n\n\n\n<p>L&rsquo;\u00e2ge peut aussi impacter l&rsquo;aspect psychologique notamment sur un versant d\u00e9pressif (bien souvent ignor\u00e9) qui peut \u00eatre anorexig\u00e8ne (couper l&rsquo;envie de manger).<\/p>\n\n\n\n<p><strong>Tout ces \u00e9l\u00e9ments font qu&rsquo;il faut \u00eatre vigilant sur sa prise alimentaire pass\u00e9 70 ans et vous devez \u00eatre assur\u00e9 de couvrir vos besoins \u00e9nerg\u00e9tiques et en nutriments pour aider au meilleur fonctionnement du corps possible.<\/strong><\/p>\n\n\n\n<p>La fonte musculaire li\u00e9e \u00e0 l&rsquo;\u00e2ge (pouvant aller jusqu&rsquo;\u00e0 un \u00e9tat de sarcop\u00e9nie) et le risque de d\u00e9nutrition doivent \u00eatre rep\u00e9r\u00e9s le plus rapidement pour maintenir l&rsquo;autonomie et \u00e9viter l&rsquo;aggravation des pathologies existantes.<\/p>\n\n\n\n<p>Toute perte de + de 3kg doit \u00eatre signal\u00e9e \u00e0 votre m\u00e9decin traitant.<\/p>\n","protected":false},"excerpt":{"rendered":"<p>Alimentation apr\u00e8s 70 ans Apr\u00e8s 70 ans le m\u00e9tabolisme du corps change : les besoins de certains nutriments sont modifi\u00e9s car ils sont moins bien absorb\u00e9s par le corps, la masse maigre diminue (muscles), le sommeil peut \u00eatre de moins bonne qualit\u00e9 et certaines difficult\u00e9s m\u00e9caniques (mastication, probl\u00e8me de dents, douleurs) peuvent affecter la prise [&hellip;]<\/p>\n","protected":false},"author":1,"featured_media":0,"parent":0,"menu_order":0,"comment_status":"closed","ping_status":"closed","template":"","meta":{"footnotes":""},"class_list":["post-169","page","type-page","status-publish","hentry"],"_links":{"self":[{"href":"https:\/\/cecile-naudet-dieteticienne.fr\/index.php\/wp-json\/wp\/v2\/pages\/169","targetHints":{"allow":["GET"]}}],"collection":[{"href":"https:\/\/cecile-naudet-dieteticienne.fr\/index.php\/wp-json\/wp\/v2\/pages"}],"about":[{"href":"https:\/\/cecile-naudet-dieteticienne.fr\/index.php\/wp-json\/wp\/v2\/types\/page"}],"author":[{"embeddable":true,"href":"https:\/\/cecile-naudet-dieteticienne.fr\/index.php\/wp-json\/wp\/v2\/users\/1"}],"replies":[{"embeddable":true,"href":"https:\/\/cecile-naudet-dieteticienne.fr\/index.php\/wp-json\/wp\/v2\/comments?post=169"}],"version-history":[{"count":6,"href":"https:\/\/cecile-naudet-dieteticienne.fr\/index.php\/wp-json\/wp\/v2\/pages\/169\/revisions"}],"predecessor-version":[{"id":233,"href":"https:\/\/cecile-naudet-dieteticienne.fr\/index.php\/wp-json\/wp\/v2\/pages\/169\/revisions\/233"}],"wp:attachment":[{"href":"https:\/\/cecile-naudet-dieteticienne.fr\/index.php\/wp-json\/wp\/v2\/media?parent=169"}],"curies":[{"name":"wp","href":"https:\/\/api.w.org\/{rel}","templated":true}]}}