{"id":135,"date":"2025-09-08T13:05:33","date_gmt":"2025-09-08T11:05:33","guid":{"rendered":"http:\/\/cecile-naudet-dieteticienne.fr\/?page_id=135"},"modified":"2026-01-20T15:27:15","modified_gmt":"2026-01-20T14:27:15","slug":"tarif","status":"publish","type":"page","link":"https:\/\/cecile-naudet-dieteticienne.fr\/index.php\/tarif\/","title":{"rendered":"Tarif"},"content":{"rendered":"\n<h2 class=\"wp-block-heading\">Tarification 2025<\/h2>\n\n\n\n<figure class=\"wp-block-table\"><table class=\"has-fixed-layout\"><tbody><tr><td><strong>Consultation Bilan (1h environ)<\/strong><\/td><td><strong>60 euros<\/strong><\/td><\/tr><tr><td><strong>Consultation suivi <\/strong><\/td><td><strong>50 euros<\/strong><\/td><\/tr><\/tbody><\/table><\/figure>\n\n\n\n<p>Toute consultation annul\u00e9e moins de 24h ouvr\u00e9es avant le rendez-vous sera factur\u00e9e.<\/p>\n\n\n\n<p><strong>Les consultations ne sont pas rembours\u00e9es par la s\u00e9curit\u00e9 sociale.&nbsp;<\/strong>Renseignez-vous aupr\u00e8s de votre mutuelle car de plus en plus d\u2019organismes prennent en charge int\u00e9gralement ou en partie les consultations de di\u00e9t\u00e9tique.<\/p>\n\n\n\n<p><\/p>\n\n\n\n<h2 class=\"wp-block-heading\">O\u00f9 je consulte ?<\/h2>\n\n\n\n<p>Je vous re\u00e7ois en cabinet au P\u00f4le sant\u00e9 Exelmans (Paris, 16).<\/p>\n\n\n\n<figure class=\"wp-block-image size-large\"><img loading=\"lazy\" decoding=\"async\" width=\"1024\" height=\"768\" src=\"https:\/\/cecile-naudet-dieteticienne.fr\/wp-content\/uploads\/2025\/10\/cabinet2-1024x768.jpg\" alt=\"\" class=\"wp-image-254\" srcset=\"https:\/\/cecile-naudet-dieteticienne.fr\/wp-content\/uploads\/2025\/10\/cabinet2-1024x768.jpg 1024w, https:\/\/cecile-naudet-dieteticienne.fr\/wp-content\/uploads\/2025\/10\/cabinet2-300x225.jpg 300w, https:\/\/cecile-naudet-dieteticienne.fr\/wp-content\/uploads\/2025\/10\/cabinet2-768x576.jpg 768w, https:\/\/cecile-naudet-dieteticienne.fr\/wp-content\/uploads\/2025\/10\/cabinet2-1536x1152.jpg 1536w, https:\/\/cecile-naudet-dieteticienne.fr\/wp-content\/uploads\/2025\/10\/cabinet2.jpg 1600w\" sizes=\"auto, (max-width: 1024px) 100vw, 1024px\" \/><\/figure>\n\n\n\n<p>Je fais \u00e9galement des consultations\/suivi en visio via la platform Doctolib dont certains rendez-vous en soir\u00e9e (de 19h \u00e0 22h).<\/p>\n\n\n\n<p><\/p>\n\n\n\n<h2 class=\"wp-block-heading\">Comment se d\u00e9roule le suivi ?<\/h2>\n\n\n\n<p>La premi\u00e8re s\u00e9ance est une s\u00e9ance dite de \u00ab&nbsp;bilan&nbsp;\u00bb (dur\u00e9e 1h). C\u2019est l\u2019occasion de faire connaissance avec vous, de comprendre votre demande et de faire un point sur votre alimentation. A l\u2019issu de cette consultation, nous d\u00e9finirons des objectifs ensemble et je vous proposerai un programme nutritionnel adapt\u00e9.<\/p>\n\n\n\n<p>Les s\u00e9ances suivantes seront des s\u00e9ances dites de \u00ab&nbsp;suivi&nbsp;\u00bb o\u00f9 nous ferons le point sur les objectifs des s\u00e9ances pr\u00e9c\u00e9dentes et o\u00f9 nous approfondiront ensemble les \u00e9ventuelles difficult\u00e9s que vous avez pu rencontrer, rediscuterons les objectifs selon votre parcours. Le nombre de s\u00e9ances de suivi et leur p\u00e9riodicit\u00e9 varient d\u2019une personne \u00e0 l\u2019autre selon le parcours et les besoins de chacun.<\/p>\n\n\n\n<p><strong>Les adaptations ou changements dans vos habitudes alimentaires seront progressifs et adapt\u00e9 \u00e0 votre rythme.<\/strong>&nbsp;Le but est de retrouver une relation sereine et de plaisir avec la nourriture et une image bienveillante de votre corps.<\/p>\n\n\n\n<p><\/p>\n","protected":false},"excerpt":{"rendered":"<p>Tarification 2025 Consultation Bilan (1h environ) 60 euros Consultation suivi 50 euros Toute consultation annul\u00e9e moins de 24h ouvr\u00e9es avant le rendez-vous sera factur\u00e9e. Les consultations ne sont pas rembours\u00e9es par la s\u00e9curit\u00e9 sociale.&nbsp;Renseignez-vous aupr\u00e8s de votre mutuelle car de plus en plus d\u2019organismes prennent en charge int\u00e9gralement ou en partie les consultations de di\u00e9t\u00e9tique. [&hellip;]<\/p>\n","protected":false},"author":1,"featured_media":0,"parent":0,"menu_order":0,"comment_status":"closed","ping_status":"closed","template":"","meta":{"footnotes":""},"class_list":["post-135","page","type-page","status-publish","hentry"],"_links":{"self":[{"href":"https:\/\/cecile-naudet-dieteticienne.fr\/index.php\/wp-json\/wp\/v2\/pages\/135","targetHints":{"allow":["GET"]}}],"collection":[{"href":"https:\/\/cecile-naudet-dieteticienne.fr\/index.php\/wp-json\/wp\/v2\/pages"}],"about":[{"href":"https:\/\/cecile-naudet-dieteticienne.fr\/index.php\/wp-json\/wp\/v2\/types\/page"}],"author":[{"embeddable":true,"href":"https:\/\/cecile-naudet-dieteticienne.fr\/index.php\/wp-json\/wp\/v2\/users\/1"}],"replies":[{"embeddable":true,"href":"https:\/\/cecile-naudet-dieteticienne.fr\/index.php\/wp-json\/wp\/v2\/comments?post=135"}],"version-history":[{"count":10,"href":"https:\/\/cecile-naudet-dieteticienne.fr\/index.php\/wp-json\/wp\/v2\/pages\/135\/revisions"}],"predecessor-version":[{"id":273,"href":"https:\/\/cecile-naudet-dieteticienne.fr\/index.php\/wp-json\/wp\/v2\/pages\/135\/revisions\/273"}],"wp:attachment":[{"href":"https:\/\/cecile-naudet-dieteticienne.fr\/index.php\/wp-json\/wp\/v2\/media?parent=135"}],"curies":[{"name":"wp","href":"https:\/\/api.w.org\/{rel}","templated":true}]}}